and 28.
14
Let u be -5 - 1 - (-2 + -1). Let l = 5 - u. What is the greatest common factor of l and 8?
8
Suppose -p - 2*m = -11, -p + 4*m = -0*m + 13. Let k = 17 + p. Suppose 0 = v - 2 - k. Calculate the highest common divisor of v and 55.
11
Let c be 232/4*(1 + (-2)/4). What is the highest common factor of 319 and c?
29
Let y(n) = -2*n**2 - 4*n - 1. Let h be y(-3). Let d be 33/h + (-4)/14. Let w be (-712)/d - 3/(-5). What is the greatest common factor of 13 and w?
13
Let n(h) = -h**3 - 11*h**2 - 17*h + 21. Let y be n(-9). Calculate the greatest common factor of 30 and y.
6
Suppose 3*u - 3 = 0, -2*r + 5*r - 4*u - 20 = 0. Calculate the greatest common factor of 40 and r.
8
Let l be (-2 + 1)/(1/(-2)). Suppose w = 5*t + 8, 5*w + 0*t - t = 16. What is the greatest common factor of l and w?
1
Let l(t) = -t**3 + 18*t**2 - 15*t - 16. Let v be l(17). Calculate the highest common factor of v and 6.
6
Let a = 123 + -87. Let q be 4 + -4 + 3 + 9. What is the greatest common divisor of a and q?
12
Let f(a) = -a**3 - 8*a**2 - a - 7. Let u be f(-8). Suppose 0 = n + 3 - 6. What is the greatest common factor of n and u?
1
Let s be 970/11 - 4/22. Let v(o) = o**3 + o**2 - 3. Let p be v(3). Suppose 4*y - y - p = 0. What is the greatest common factor of s and y?
11
Let p be 18*(6/9 - 0). Suppose 5*x - 12 = -4*i, 7*i - 3*i - 2*x = p. Let y be (i - -3) + (-6)/2. What is the highest common divisor of 3 and y?
3
Suppose 46 = 3*j - 26. Calculate the highest common factor of 36 and j.
12
Suppose -5*x = -3*m + 90, -3*m - 5*x + 85 = -m. Calculate the greatest common divisor of 7 and m.
7
Let d be (-1 + 2)/((-1)/(-13)). Suppose 2 = o - d. What is the greatest common factor of 6 and o?
3
Let g be 6/9*(-2 - -11). Calculate the highest common divisor of 66 and g.
6
Suppose 7*v + 2*i = 4*v + 6, 5*i = v - 2. What is the greatest common factor of 4 and v?
2
Let x be (-6)/(-8) + (-8181)/(-36). Let i = x + -163. Suppose -c = -4*l - 9, -5*c = -4*l + 24 - 85. What is the greatest common divisor of i and c?
13
Suppose 3*w - 36 = 54. Let m(i) = i**2 - 7*i - 8. Let p be m(8). Suppose 5*z = -p + 60. What is the greatest common factor of z and w?
6
Suppose n - 52 + 10 = 0. Let k be (-4)/18 + 25/(-9). Let r be (-111)/(-4) - k/12. Calculate the greatest common factor of r and n.
14
Let k be -140*(5/4 + -2). Let m = 8 + -5. Suppose -l + 0*h = 3*h - m, 4*l - 76 = 4*h. What is the highest common factor of l and k?
15
Suppose -38 = 5*n + 77. Let z = -15 - n. Calculate the greatest common divisor of 4 and z.
4
Let y be (20 + -4)*9/4. Let m = -6 + y. What is the highest common factor of m and 15?
15
Let q = 8 + -17. Let u(j) = -16*j + 10. Let c be u(q). Let y be (-6)/3*1 + 16. Calculate the highest common divisor of c and y.
14
Let r = -3 - -6. Calculate the greatest common divisor of 24 and r.
3
Let i = 75 + 24. Calculate the highest common divisor of 9 and i.
9
Suppose 9*v + 32 = 554. What is the greatest common divisor of v and 145?
29
Let q(r) = -8*r - 12. Let x be q(-5). Calculate the highest common divisor of x and 7.
7
Let r be 2/(-1 + -1 - (-56)/27). Let z = -95 + 230. What is the highest common factor of z and r?
27
Let d(x) = -3*x - 5. Let v be d(-9). What is the greatest common divisor of v and 55?
11
Let r = 6 + 25. What is the greatest common factor of r and 31?
31
Let u(y) = y**2 - 2*y. Let t be u(2). Suppose -2*n + 93 = 3*s, t = 5*n + s + 77 - 303. What is the highest common divisor of 5 and n?
5
Let g be (0 - -1)*(-48)/8. Let z be (8/g)/((-2)/36). Suppose -74 + z = -5*k. What is the greatest common factor of k and 30?
10
Let b = -2 - -44. Let t be 7 + 2*(-1)/2. What is the highest common factor of b and t?
6
Let u(w) = w**2 - 20*w - 9. Let m be u(21). Let z = -7 - -11. Let h be 218/3 - z/6. Calculate the greatest common factor of h and m.
12
Suppose -4*r + 2*n = 1 + 25, -2*r + 3*n - 23 = 0. Let m be 6/r*4/(-3). Suppose 1 = -m*q + 3. Calculate the highest common factor of q and 1.
1
Suppose -4*h + 3*b + 10 = -0*b, 3*b + 7 = h. Suppose -3*v = 5*g - 48, 2*g = g - 3*v. Suppose 2*f - 5*f = -g. What is the highest common divisor of f and h?
1
Let q(b) = b**3 + 6*b**2 + 5*b + 5. Let s be q(-5). Suppose s*g - 2*g - 6 = 0. Let r be g/(-4) + 21/2. What is the greatest common divisor of r and 50?
10
Suppose -3*j = 6 - 21. Suppose -5*t = -5*y - 10, j*y + t = -4*t - 20. Let p be (8/20)/(y/(-150)). What is the greatest common factor of p and 20?
20
Suppose -5*h + 21 = -4. Suppose h = c + 3*q + 16, 5*q = -3*c - 13. What is the greatest common factor of 40 and c?
4
Let b = 48 - 34. Suppose -84 = -3*p - p. What is the greatest common divisor of p and b?
7
Suppose 5*c - 2*c - 114 = 4*g, -5*c + g + 207 = 0. Suppose -c = -v + 12. Suppose 15 = -3*a + v. Calculate the highest common divisor of 65 and a.
13
Let o(k) = 3*k - 4. Let v be o(6). Let z = 4 - 3. Let b be z*(-14)/(-2 + 0). What is the greatest common divisor of b and v?
7
Let p(v) = 7*v**2 + 3*v - 3. Let a be p(-2). Let n be (-211 - -2)*5/(-5). What is the highest common factor of n and a?
19
Let l(j) = 9*j - 36. Let z be l(11). Calculate the greatest common divisor of 9 and z.
9
Let q be (24/(-14))/(5/(-35)). Suppose -5*b + d + 10 = 4*d, 3*d = -b + 2. Suppose -b*f - 2*f + 16 = 0. What is the highest common factor of q and f?
4
Let x be -3 + 1 - (-2 + -4). Calculate the greatest common divisor of 28 and x.
4
Let m = 56 - 52. What is the greatest common factor of 12 and m?
4
Suppose 0*v + 38 = 2*v. Let b(u) = 4*u**2 - 13*u - 13. Let f be b(-6). Calculate the highest common factor of f and v.
19
Suppose 0 = m + 2*m - 15. Suppose 616 = m*b - b. What is the highest common divisor of 22 and b?
22
Let c be -7 - -8 - (0 - 7). What is the greatest common factor of 8 and c?
8
Let y be 10*3/(-9)*-3. Calculate the highest common factor of y and 90.
10
Suppose 0*d - 19 = -d + 2*j, j = -5*d + 51. Calculate the greatest common divisor of d and 11.
11
Let z(f) = -f**3 - 7*f**2 - 6*f + 2. Let t be z(-6). Let m be 24/((0 - t)/(-2)). Calculate the highest common divisor of m and 12.
12
Let k(q) = -q**2 + q - 2. Let l(o) = o - 1. Let g(d) = -k(d) + 6*l(d). Let t be g(-6). What is the greatest common divisor of t and 6?
2
Let i(n) = n**3 - 2*n**2 - 6*n + 5. Let p be i(4). Calculate the greatest common divisor of p and 143.
13
Let y be 0 - (2*74)/(-2). Let v = y + -24. What is the highest common factor of 20 and v?
10
Suppose 0 = 2*u + 8*h - 3*h - 23, u - 4*h - 18 = 0. Let o be (-4)/u - 552/(-21). What is the highest common divisor of o and 39?
13
Let k = -8 - -16. Suppose j - 1 = 2. Suppose -6*w = 2*n - 4*w - 12, -j*w = -n - 2. Calculate the highest common factor of n and k.
4
Suppose -2*p - 9 = -4*g - 1, 4*p - 44 = -4*g. Suppose v = -2*v + p. Let n(x) = -x**2 + 18*x - 50. Let z be n(6). Calculate the highest common factor of v and z.
2
Let s(z) = -4 - 3 + 3*z + 0 + 4. Let o be s(2). Calculate the greatest common divisor of 15 and o.
3
Suppose 2*x + 0*x = 3*p - 14, 0 = -5*x - 20. Suppose 2*c - p = 0, -g = -2*c - 0*c - 14. What is the highest common divisor of g and 4?
4
Let x(m) = -4*m + 2*m - m**2 + 4*m. Let o be x(1). Suppose -4*k + 16 = -24. What is the greatest common divisor of k and o?
1
Let h = 32 - -16. Calculate the highest common factor of h and 6.
6
Let t be (3 - 0)*13/3. Suppose -8*n - t = -9*n. What is the greatest common factor of 104 and n?
13
Suppose -6*t = -4*t + 2*b - 92, -3*b = 4*t - 187. What is the greatest common factor of 7 and t?
7
Let w(u) = -u**3 + 7*u**2 - u + 3. Let x be w(6). Let t = 10 + -19. Let r = t - -20. What is the highest common factor of r and x?
11
Let l be (2592/720)/(0 + (-2)/(-5)). Calculate the greatest common divisor of 171 and l.
9
Let x be 2 + 8 + (-5 - -5). What is the highest common divisor of 30 and x?
10
Let m(i) = i**2 - 7*i - 12. Let k be m(9). Calculate the greatest common divisor of 42 and k.
6
Let z(r) = -14*r - 6. Let n be z(-6). Suppose -3*d = -0*d - n. Let k(j) = j + 13. Let b be k(0). What is the greatest common divisor of d and b?
13
Suppose 63 = 2*t - 99. Let y(q) be the third derivative of -q**4/24 + 2*q**3/3 + 8*q**2. Let i be y(-5). Calculate the greatest common divisor of i and t.
9
Let g(r) = r**2 - r - 1. Let y be g(-3). Let c(s) = s**3 - s**2 + 3*s - 5. Let h be c(5). Let m = -11 + h. What i